(a) = -26*j(a) - 6*m(a). Calculate g(7).
2
Let k(g) = 7*g**2 + g - 4. Let n(t) = -11*t**2 - t + 6. Let z(y) = -8*k(y) - 5*n(y). Let a = -22 + 32. Suppose r + a = 2*s, 0*r - 4*r - 19 = -s. Determine z(r).
-2
Let h(o) = -o**3 + 5*o**2 + 3. Let u be h(5). Suppose 1 = 3*f + u*j + 10, 2*f - 15 = 5*j. Let r(p) = -p**3 - p**2 - 19. What is r(f)?
-19
Let g = 9 - 6. Let f(o) be the first derivative of -o**3/6 + o**2/2 + 4*o + 3. Let p(h) be the first derivative of f(h). Calculate p(g).
-2
Let n(i) = i**3 - 8*i**2 - 8*i - 11. Suppose -52 + 5 = -2*g + 3*d, -3*g + 69 = -3*d. Let x = 31 - g. Determine n(x).
-2
Let u(l) = -l - 7. Let r(n) = n + 7. Let f(d) = -6*r(d) - 5*u(d). Give f(-6).
-1
Suppose 0 = -5*x - 2*z + 54, -2*x + 67*z + 18 = 66*z. Let b(i) be the first derivative of -i**4/4 + 11*i**3/3 - 5*i**2 + 3*i - 2. Calculate b(x).
3
Let u(j) = -j**3 + 3*j**2 - 2*j + 4. Let t(q) = -q**3 - q**2 + q + 1. Suppose -31 = 5*a - 41. Let n(d) = a*t(d) - u(d). What is n(-6)?
10
Let w(r) = -r**3 - 4*r**2 + 5*r + 4. Suppose 17*h - 4*o = 15*h - 2, -4*o - 13 = h. Determine w(h).
4
Suppose 6*g = 28 - 10. Let d(w) = -30*w**2 + w**3 - g*w**3 + 37*w**2 - 8*w + 9 + w**3. Give d(6).
-3
Let v(y) be the second derivative of y**8/6720 + y**7/420 - y**6/240 - y**5/30 + y**4 - 8*y. Let f(h) be the third derivative of v(h). Calculate f(-6).
14
Let v(o) = o**3 + 3*o**2 + 2*o. Suppose 8*y - 9 = -33. What is v(y)?
-6
Let p(o) be the third derivative of 0*o**4 + 0*o - 1/60*o**5 + 0 + 1/3*o**3 - 3*o**2. What is p(2)?
-2
Let a(x) be the third derivative of x**5/60 + 5*x**4/24 - x**3/2 - x**2 + 6. What is a(-11)?
63
Suppose u + 4 = 6. Let p(y) = -2 - u + 0 + 3 - 2*y. Determine p(1).
-3
Let a(c) = c**3 + 8*c**2 - 9*c - 4. Let h = -1 + 2. Let d be (h/(-2))/((-12)/(-216)). Give a(d).
-4
Let j(h) = 2*h**2 + 2*h + 1. Let z be 28/(-49) - 3/7. Determine j(z).
1
Let a(z) = z**3 + z. Suppose -3*r = 2*r - 45. Suppose -r = -4*j + j. Suppose -h = -j*h. Calculate a(h).
0
Let l(k) = k - 2. Let f be (1*-1)/(11/(-55)). Let n be (-72)/(-27)*(f/(-1) + 2). What is l(n)?
-10
Suppose -4*b + 0 = -3*i + 3, 2*i - 2 = -5*b. Let r(j) = 4 + j + 3*j - j + b*j. Determine r(-3).
-5
Let q(b) = 0*b**3 + 2*b**2 - 1 + 3*b**2 + b**3 - 4*b**2 - 22*b**3. Give q(1).
-21
Suppose 4*a = 3*v + 105, -10 + 1 = 3*a. Let t be 304/(-52) - (-6)/v. Let c(l) = l**2 + 5*l - 2. Calculate c(t).
4
Let t(a) be the first derivative of -a**4/4 - 5*a**3/3 + 3*a**2/2 + a - 58. Determine t(-6).
19
Let a(r) = -5*r + 4 - 3*r**2 + 2*r**2 + 3*r. Suppose -3*f + 2*f = 5. Give a(f).
-11
Let n = -1 - -4. Suppose 0 = -n*f + f + 6. Let h(y) = f*y - 2*y - y + y. Give h(3).
3
Let o(k) = -20*k**2 + k. Suppose -13 = -d + 4*s, -377 = -d - 3*s - 385. What is o(d)?
-19
Let z(b) = -4*b**2 - 3 - 8*b**2 + 5*b**2 - b**3 - 1 - 6*b - 2. Determine z(-6).
-6
Let z(x) be the third derivative of x**6/360 - x**5/15 + 3*x**4/8 + 3*x**3/2 + 16*x**2. Let d(i) be the first derivative of z(i). Calculate d(7).
2
Let g(o) = 3*o**3 + 4*o**2 + 4*o + 3. Suppose 0 = 34*i - 28*i - 642. Let x = -109 + i. What is g(x)?
-13
Let l(u) = -20*u - 25. Let k(x) = -11*x + 16*x - 9*x + 0 - 5. Let g(b) = -11*k(b) + 2*l(b). Let v be 17/(-4) + 1/4. What is g(v)?
-11
Let z(d) = 2 - 3*d - 3 - 7*d + 9*d. Let x(h) = h - h - h + 11. Let o be x(5). Give z(o).
-7
Let b be 2/((4/7)/(-2)). Let c(s) = -3*s - 3. Let x(a) = -16*a - 14. Let q(l) = -11*c(l) + 2*x(l). What is q(b)?
-2
Let y(f) be the first derivative of -f**4/4 - 2*f**3 - 3*f**2 - 4*f + 1076. Let s = 10 + -15. Determine y(s).
1
Let a = 11 + -13. Let b(q) = -7*q - 9. Let z(o) = 2. Let y(x) = -b(x) - 4*z(x). Give y(a).
-13
Suppose -41*n + 77 = -5. Let s(y) be the third derivative of 0 - 1/60*y**5 - 6*y**n - 1/3*y**3 + 0*y + 5/24*y**4. What is s(3)?
4
Let v(b) = -25*b**2 + 5*b - 11. Let p(f) = -4*f**2 + 2*f - 1. Let q(l) = -7*p(l) + v(l). What is q(4)?
8
Suppose 5*n - 2*r - 31 = -11, 5*n - 20 = 3*r. Let k(o) be the second derivative of -1/12*o**4 - 3*o**2 + 0 - n*o + o**3. Give k(4).
2
Suppose -11*j + 2*j = -7*j. Suppose 4 = -m - j*m. Let q(v) = -1 - 2 + 0 - 3*v. Calculate q(m).
9
Let s(p) = -9 - 74*p - 6 + 5 + 75*p. Calculate s(0).
-10
Let b be -3 - ((0 - -1) + -12). Suppose 24 = -b*i + 10*i. Let c be 2 - (-4 - (4 - i)). Let h(m) = 2*m + 2. Give h(c).
-2
Let z(q) = -q**3 - 2*q**2 - 2*q + 1. Let t(l) = 4*l**3 + 3*l**2 - 2. Let n(j) = t(j) + 3*z(j). Calculate n(4).
-7
Let f(s) = -s**2 - 7*s. Suppose -d - 15 = q, 27 = -d - d + q. Let t be 7/(d/(-4))*-3. Calculate f(t).
6
Suppose 0 = -40*a + 50 + 110. Let s = 1 + -1. Let r(n) = a*n + 2 - 3*n + s + 0*n**2 + n**2. Determine r(-4).
14
Let t(k) = -k**3 + 5*k + 4 - 2 - 1194*k**2 + 1193*k**2. Give t(-3).
5
Let p(k) = 4*k. Let r be (-39)/(-15) + 8/20. Suppose -m + r*m + 1 = -5*o, -3*o - 5*m = -7. Determine p(o).
-4
Let s be (3 - -1)*6/(-8). Let f(w) = -w**3 - 3*w**2 - w - 2. Let p be f(s). Let d(t) = -1 - 2*t - 5 + 4 - p. Determine d(-3).
3
Let w(j) = -j**2 + 5*j. Let o(s) = s**2 - 4*s - 9. Let p be o(6). Suppose -k + p = -0*k. Determine w(k).
6
Suppose -7 = -4*w + 8*w - i, 8 = -3*w - 2*i. Let j be (w/6)/(6/36). Let a(u) = 1. Let y(r) = r - 1. Let k(s) = j*y(s) - 3*a(s). Calculate k(1).
-3
Let d(n) = 13*n - 53*n**2 - 9 - 6 - 12 + n**3 + 41*n**2. Give d(11).
-5
Let k(i) be the second derivative of -i**5/20 + 5*i**4/6 + i**3/3 - 7*i**2 + 2*i. Suppose -2296 + 2016 = -28*u. What is k(u)?
6
Let f(v) = 45. Let x(a) = -2*a - 1. Let b(s) = -f(s) - 2*x(s). Determine b(10).
-3
Let i(z) = z + 13. Let b = -30 + 19. Determine i(b).
2
Let n(z) be the third derivative of -z**4/24 + 5*z**3/3 - 30*z**2. Give n(6).
4
Let k(v) = 7*v**2 - 6*v - 6. Let h(a) = -a**2 + a + 1. Suppose 5*f + 8 - 3 = 0. Let o(w) = f*k(w) - 6*h(w). Determine o(1).
-1
Suppose -24 = -11*y + 5*y. Suppose y*q - 5*q = 8. Let i(c) = c**2 + 7*c - 10. Calculate i(q).
-2
Let g = -54 - -37. Let b(m) = 5*m**2 - 15*m + 1. Let c(f) = 14*f**2 - 44*f + 2. Let k(y) = g*b(y) + 6*c(y). Determine k(-7).
9
Let x(m) = -2*m**2 + m + 1. Let s(u) = 7*u**2 + 11*u + 2. Let t(a) = s(a) + 3*x(a). Determine t(-11).
-28
Suppose 10*d - 37 = -77. Let j(g) = -g**2 + 6*g + 2. Calculate j(d).
-38
Suppose x + 2*k = 0, -k - 2*k = x. Let i be 2 + -1 + (2 - x). Let j(f) = f**2 - 6*f + 4. Calculate j(i).
-5
Suppose -7*v + 45 = -123. Let x be 12/v*(5 + 1). Suppose h = x*h. Let q(s) = -s**3 - s**2 + s - 9. Determine q(h).
-9
Let s = -139 + 145. Let y(l) = -3*l + 16. Let t be y(s). Let i(x) = 3*x**2 - 2*x - 1. Calculate i(t).
15
Let t = 6 - 0. Let o(f) = 1 + 122*f + 7 - 123*f. Calculate o(t).
2
Let z(j) = 5*j - 1. Suppose -69 = 4*g - 27*g. Give z(g).
14
Let u(h) = -h**2 - 3*h - 3. Let l(o) = o. Let j = 16 - 6. Suppose -3*i + 4*g - 23 = 0, -j - 9 = 4*i - 3*g. Let d(p) = i*u(p) - 2*l(p). Calculate d(-3).
9
Let r(u) be the third derivative of -u**4/24 - 2*u**2. Let b(h) = -6*h - 5. Suppose 2 - 5 = 3*l. Let g(c) = l*b(c) + 5*r(c). Determine g(-5).
0
Suppose 0 = -4*o + 2*i + 6, 0*o + 4*i = -o + 15. Suppose 3*s - o + 0 = 0. Let t(v) = -17*v**3 + v**2 + v - 1. What is t(s)?
-16
Let b(m) = 2*m**3 - 28*m**2 - 22*m + 3. Let a(v) = v**3 - 13*v**2 - 11*v + 2. Let c(p) = -5*a(p) + 2*b(p). What is c(10)?
6
Suppose -2*y + 3*y = 2*y. Let g be -3*(30/18 - y). Let q(o) = -o + 4. Give q(g).
9
Let o(z) = -22*z**3 + 2*z**2 + z. Suppose -94*p + 85*p - 9 = 0. Give o(p).
23
Let q(c) = 3*c**2 + 17 - 5*c**2 + 3*c + 2*c**2 - 3 - c**2. Determine q(10).
-56
Let t(h) = -h**3 + 13*h**2 - 13*h - 1. Let s be 12/(-14)*(-8)/(-12)*-21. What is t(s)?
-13
Let n(j) = 3*j**2 - 4*j - 2. Let i be n(3). Let o = -10 + i. Suppose -o*h + 17 - 5 = -s, 0 = 3*s - 5*h + 28. Let x(m) = -m**2 - 8*m - 9. Determine x(s).
3
Let i(n) be the third derivative of -n**5/60 + 11*n**4/12 - 13*n**3/2 - 10*n**2 + 13*n. What is i(20)?
1
Let h(c) = 11*c**3 + 18*c**2 + 8*c - 10. Let v(o) = -4*o**3 - 6*o**2 - 3*o + 3. Let q(s) = 3*h(s) + 8*v(s). Let z be 2/13 + (-720)/117. Calculate q(z).
-6
Let w = 48 + -45. Let j(z) = 2 - z**w + 6*z**2 + 2 - 1 - 4*z. Give j(5).
8
Let t = -2483 + 2488. Let h(i) = -4*i - 3. What is h(t)?
-23
Let g(o) be the third derivative of o**6/120 - o**5/20 - o**4/12 + o**3/2 + o**2 - 34*o. What is g(3)?
-3
Let v(k) = k**3 - k**2 + k + 8. Let l be (-2)/(-8 + 9 - (0 - 0)). Let p = l + 2. What is v(p)?
8
Let j(d) be the second derivativ